f 15845069?
0
What is the tens digit of 6225055?
5
What is the hundred thousands digit of 147994?
1
What is the tens digit of 41971280?
8
What is the millions digit of 4622928?
4
What is the tens digit of 10768794?
9
What is the tens digit of 194521?
2
What is the hundreds digit of 12500?
5
What is the ten thousands digit of 282147?
8
What is the ten thousands digit of 15445?
1
What is the units digit of 5600708?
8
What is the hundred thousands digit of 257898?
2
What is the thousands digit of 83574?
3
What is the thousands digit of 16237635?
7
What is the units digit of 286682?
2
What is the units digit of 8608286?
6
What is the ten millions digit of 22601104?
2
What is the tens digit of 233202?
0
What is the ten thousands digit of 241305?
4
What is the millions digit of 2750747?
2
What is the ten thousands digit of 20355179?
5
What is the ten thousands digit of 1303851?
0
What is the hundreds digit of 2558841?
8
What is the thousands digit of 61752?
1
What is the hundred thousands digit of 2503650?
5
What is the units digit of 116642?
2
What is the units digit of 2788221?
1
What is the hundred thousands digit of 13385988?
3
What is the hundreds digit of 2061655?
6
What is the millions digit of 5048999?
5
What is the thousands digit of 315398?
5
What is the units digit of 295394?
4
What is the hundreds digit of 805099?
0
What is the tens digit of 3845543?
4
What is the units digit of 1586988?
8
What is the units digit of 5529125?
5
What is the tens digit of 629447?
4
What is the ten thousands digit of 288109?
8
What is the units digit of 1298846?
6
What is the ten thousands digit of 2600509?
0
What is the thousands digit of 872728?
2
What is the tens digit of 17392853?
5
What is the ten thousands digit of 2806240?
0
What is the ten thousands digit of 3135312?
3
What is the units digit of 4333853?
3
What is the units digit of 23515207?
7
What is the thousands digit of 504761?
4
What is the hundred thousands digit of 193940?
1
What is the hundreds digit of 1018016?
0
What is the tens digit of 15788139?
3
What is the ten thousands digit of 1388103?
8
What is the hundreds digit of 1454558?
5
What is the hundreds digit of 1827609?
6
What is the hundred thousands digit of 7676237?
6
What is the hundred thousands digit of 261467?
2
What is the thousands digit of 2352078?
2
What is the thousands digit of 238481?
8
What is the ten thousands digit of 17583023?
8
What is the ten thousands digit of 181511?
8
What is the thousands digit of 29955?
9
What is the hundred thousands digit of 18857419?
8
What is the tens digit of 2448442?
4
What is the thousands digit of 2057722?
7
What is the tens digit of 228822?
2
What is the units digit of 21114590?
0
What is the ten thousands digit of 59811?
5
What is the tens digit of 406135?
3
What is the hundred thousands digit of 241708?
2
What is the millions digit of 13147567?
3
What is the tens digit of 449984?
8
What is the millions digit of 4609255?
4
What is the thousands digit of 4014771?
4
What is the hundreds digit of 375619?
6
What is the units digit of 2016601?
1
What is the thousands digit of 24423?
4
What is the ten millions digit of 26631616?
2
What is the units digit of 817274?
4
What is the thousands digit of 1382007?
2
What is the hundreds digit of 206549?
5
What is the hundred thousands digit of 159793?
1
What is the thousands digit of 184154?
4
What is the hundreds digit of 22303503?
5
What is the ten millions digit of 13259652?
1
What is the units digit of 1842373?
3
What is the millions digit of 14935088?
4
What is the units digit of 265270?
0
What is the thousands digit of 1241082?
1
What is the millions digit of 1902640?
1
What is the thousands digit of 6691762?
1
What is the thousands digit of 16190773?
0
What is the ten thousands digit of 39652?
3
What is the ten thousands digit of 517988?
1
What is the thousands digit of 874372?
4
What is the hundreds digit of 4834306?
3
What is the millions digit of 5210979?
5
What is the tens digit of 108315?
1
What is the thousands digit of 93930?
3
What is the units digit of 387433?
3
What is the hundreds digit of 154485?
4
What is the units digit of 505130?
0
What is the ten thousands digit of 326106?
2
What is the thousands digit of 4655121?
5
What is the ten thousands digit of 5248325?
4
What is the thousands digit of 2989906?
9
What is the hundreds digit of 43561?
5
What is the tens digit of 788881?
8
What is the units digit of 25906?
6
What is the hundred thousands digit of 657085?
6
What is the thousands digit of 16827031?
7
What is the hundreds digit of 2087874?
8
What is the hundreds digit of 835127?
1
What is the units digit of 2607009?
9
What is the ten thousands digit of 189065?
8
What is the hundreds digit of 280673?
6
What is the units digit of 15705126?
6
What is the hundred thousands digit of 733667?
7
What is the hundred thousands digit of 1532269?
5
What is the millions digit of 7861853?
7
What is the millions digit of 3320394?
3
What is the thousands digit of 889955?
9
What is the ten thousands digit of 520049?
2
What is the tens digit of 30299609?
0
What is the hundred thousands digit of 2721941?
7
What is the tens digit of 423524?
2
What is the hundreds digit of 5800856?
8
What is the units digit of 37093969?
9
What is the units digit of 1756160?
0
What is the ten thousands digit of 259895?
5
What is the millions digit of 5407017?
5
What is the tens digit of 11293347?
4
What is the hundreds digit of 7598?
5
What is the thousands digit of 815257?
5
What is the units digit of 4245048?
8
What is the hundred thousands digit of 24842219?
8
What is the hundreds digit of 3231111?
1
What is the thousands digit of 5868571?
8
What is the hundred thousands digit of 602293?
6
What is the tens digit of 568556?
5
What is the hundred thousands digit of 24230474?
2
What is the thousands digit of 775997?
5
What is the units digit of 2109268?
8
What is the ten thousands digit of 2511637?
1
What is the units digit of 33709244?
4
What is the tens digit of 383314?
1
What is the tens digit of 5013844?
4
What is the thousands digit of 1308876?
8
What is the hundred thousands digit of 602082?
6
What is the tens digit of 2133073?
7
What is the hundred thousands digit of 314793?
3
What is the hundreds digit of 201526?
5
What is the ten thousands digit of 466172?
6
What is the ten thousands digit of 3483046?
8
What is the tens digit of 77220?
2
What is the units digit of 15637322?
2
What is the millions digit of 1556165?
1
What is the tens digit of 228862?
6
What is the thousands digit of 6570331?
0
What is the units digit of 159975?
5
What is the hundreds digit of 367990?
9
What is the ten thousands digit of 4046242?
4
What is the hundreds digit of 1258573?
5
What is the units digit of 40733?
3
What is the tens digit of 279338?
3
What is the thousands digit of 47496?
7
What is the ten thousands digit of 100629?
0
What is the thousands digit of 765580?
5
What is the ten thousands digit of 688721?
8
What is the hundreds digit of 34002?
0
What is the millions digit of 14325306?
4
What is the tens digit of 3139097?
9
What is the units digit of 58221?
1
What is the hundreds digit of 31008634?
6
What is the ten thousands digit of 38840?
3
What is the ten millions digit of 25702887?
2
What is the hundreds digit of 6462205?
2
What is the units digit of 5069508?
8
What is the tens digit of 4534633?
3
What is the hundred thousands digit of 2969768?
9
What is the millions digit of 3345680?
3
What is the hundred thousands digit of 538904?
5
What is the ten thousands digit of 881107?
8
What is the thousands digit of 362894?
2
What is the units digit of 475021?
1
What is the thousands digit of 81243?
1
What is the millions digit of 7890185?
7
What is the thousands digit of 10596436?
6
What is the tens digit of 11345084?
8
What is the units digit of 221562?
2
What is the ten thousands digit of 1173085?
7
What is the millions digit of 15351594?
5
What is the tens digit of 281214?
1
What is the thousands digit of 10700740?
0
What is the thousands digit of 2770588?
0
What is the tens digit of 4295061?
6
What is the hundreds digit of 3641472?
4
What is the tens digit of 595414?
1
What is the thousands digit of 6170757?
0
What is the hundreds digit of 737168?
1
What is the uni